ve of -s**4/4 - 11*s**3/3 - 2*s**2 - 6*s - 23. Let l be y(-11). Suppose 0 = -4*p + 2*p + l. List the prime factors of p.
19
Let i = 26959 - 12625. List the prime factors of i.
2, 3, 2389
Let p(w) = -w**2 + 58. Let q be p(0). Suppose -q = -3*i - 37. What are the prime factors of i?
7
Let l(k) = 6*k**3 + 6*k**2 + 5*k - 24. Suppose 7*d + 6*d = 39. List the prime factors of l(d).
3, 23
List the prime factors of (-349396)/(-113) + (11 - 0).
29, 107
Let s(x) = 5*x - 25. Let c be s(7). Suppose 0 = 4*y - 10 - c. Suppose -5*w - 2*z = -739, -y*z + 299 + 5 = 2*w. What are the prime factors of w?
3, 7
Let x(i) = -891*i**3 + 6*i + 16. List the prime factors of x(-3).
5, 17, 283
Let y be 15/(-60) + (-29)/(-4). Let m(d) = 2*d**2 - 8*d + 15. Let s be m(y). Let r = 87 - s. List the prime factors of r.
2, 3, 5
Let s = -2994 + 4420. List the prime factors of s.
2, 23, 31
Let v(y) = y + 8. Let x be v(-6). Let w be ((-2)/7 - 4/(-14)) + x. Suppose -5*o + 4*o - w*a + 18 = 0, 4*o - a - 27 = 0. List the prime factors of o.
2
Let t(p) = -p**2 - 8*p - 2. Let d be t(-6). Suppose -5 = -3*l + d. Suppose -l*a + 2*a + 141 = 2*q, 5*a = 3*q - 240. What are the prime factors of q?
3, 5
Suppose 0 = 2*m - q + 525, m + 4*q - 1311 = 6*m. Let i = m - -1018. What are the prime factors of i?
5, 151
Suppose -s = -2*l - 2, -2*l + 2*s = 5*s + 10. Let g be (-16)/10*5/l. List the prime factors of (169 + 1)*(-4)/(-16)*g.
2, 5, 17
Let y(h) be the first derivative of -25/2*h**2 + 7 - 7*h. What are the prime factors of y(-4)?
3, 31
Suppose -3*j = -3*u - 10089, -5*u + 7*j = 3*j + 16811. Let v = u - -5223. List the prime factors of v.
2, 233
List the prime factors of (142/213)/(16/(-6)) - (-14914)/8.
2, 233
Let s = -15 + -3. Let g be (s/(-8))/(30/(-320)). List the prime factors of ((-558)/g)/(1/4).
3, 31
Suppose 7*k = 30*k. Suppose -2357 = -5*o + 4*q + 623, -3*o + 5*q + 1788 = k. List the prime factors of o.
2, 149
Let m be (74/(-3))/(8/(-12)). Suppose 50 = 5*c - 2*d - m, c - 23 = -d. Suppose 0 = q + 2*g - c, 0 = -q + 3*g + 11 + 8. List the prime factors of q.
19
Suppose 45*v + 8*v = -3*v + 66640. List the prime factors of v.
2, 5, 7, 17
Let p = -153 - -169. Suppose -p*u + 9030 = 2998. List the prime factors of u.
13, 29
Suppose 79 + 99 = 2*l. Let c = l - -113. Suppose 3*n - 182 = 4*x, 3*n - 3*x - c = -4*x. What are the prime factors of n?
2, 3, 11
Let z(w) = 9*w**2 - 25*w - 41. Let x(y) = 5*y**2 - 12*y - 21. Let g(j) = 7*x(j) - 4*z(j). Let d be g(11). Let i = d + -69. What are the prime factors of i?
3
Suppose 9 + 0 = 3*t, -5*t + 15 = 4*w. List the prime factors of w/16 - (-2 - (3 - -295)).
2, 3, 5
Suppose 391*z - 13947 = 390*z. List the prime factors of z.
3, 4649
Let r be ((-88)/33)/(2/(-30)). What are the prime factors of (r - -1)*(5 + 6/1)?
11, 41
Let m be 30/3 - (2 - -2). List the prime factors of -5 + 2 + 503 + m.
2, 11, 23
Let f = -935 - -1426. Suppose -5*g + 288 + 532 = 5*c, 4*g = -3*c + f. List the prime factors of c.
3, 5, 11
Let q = -7952 + 14911. What are the prime factors of q?
6959
Let a = 111698 - 74233. What are the prime factors of a?
5, 59, 127
Let h(s) = s + 12. Let l be h(-12). Suppose r - i + 1 + 4 = l, 5*i - 15 = 0. What are the prime factors of r*((-369)/6 - -4)?
5, 23
Suppose -19*d + 49702 = 19358 - 57056. List the prime factors of d.
2, 5, 23
Let i be (2 + 2400/(-18))/((-2)/(-6)). Let y = 596 + i. List the prime factors of y.
2, 101
Let b = 101 - 169. Let k = b + 71. Suppose -4*u - 28 = -4*r, 56 = k*r - 2*u + 6*u. List the prime factors of r.
2, 3
Suppose 3 = -b, -3*q = 3*b - 6*b - 6. Let c be -2*q/(-6)*(-234)/13. List the prime factors of (-1524)/(-18) + (-4)/c.
2, 3, 7
Let x = 53 + -43. Let p(i) = -i**3 + 9*i**2 + 11*i - 2. Let o be p(x). What are the prime factors of 111*(-4)/(-2)*4/o?
3, 37
Suppose -5*m + 468 - 111 = 2*i, -4*i = -2*m - 726. Suppose v + i - 1203 = 0. List the prime factors of v.
2, 7, 73
Suppose -11*j + 21687 + 546793 = 0. What are the prime factors of j?
2, 5, 17, 19
Suppose 7*l - 48 = -27. Suppose -21 = l*c - 27, 4*u + 5*c - 122 = 0. What are the prime factors of u?
2, 7
Suppose 0 = 5*o - 3*k - 63829, 3*k = 106 - 85. List the prime factors of o.
2, 5, 1277
Suppose f - 98 = -224. Let z = -107 - f. List the prime factors of z.
19
Let i(g) = -430*g**3 + 2*g**2 - 7*g + 6. Let q(l) = l**2 - l + 1. Let y(j) = -i(j) + 2*q(j). What are the prime factors of y(1)?
431
Suppose -r - 87698 = 3*d - 221558, 0 = 4*d - 3*r - 178467. List the prime factors of d.
3, 107, 139
Let l(p) be the third derivative of 41*p**5/60 + p**3/6 - 10*p**2. Let q be l(-1). Let x = 62 - q. What are the prime factors of x?
2, 5
Suppose 0 = -4*q - 5*r + 1263, 4*q - 5*r - 1466 = -233. Let v = -150 + q. What are the prime factors of v?
2, 3
Let u = -362 - -365. Suppose -10*o + u = -7*o, 2*r - 47 = 5*o. List the prime factors of r.
2, 13
Suppose -7950516 - 2745173 = -233*d - 2701459. List the prime factors of d.
2, 5, 47, 73
Suppose 5*n - 15017 = -2*i + 20784, -5*i - 14303 = -2*n. List the prime factors of n.
7159
Suppose 171 = 10*a - 549. List the prime factors of ((-2)/4)/(a/(-115344)).
3, 89
Let z be 2*2/(-12) - (-91)/21. Suppose 0 = -4*j - i + 1070, 0 = z*j + 4*i - 0*i - 1064. Suppose 4*p + j = 8*p. List the prime factors of p.
67
Suppose 2 = 5*x - 38. Let j be x/3*9/6. What are the prime factors of (-523)/(-4) - (-1)/j?
131
Let n = 140 + -233. Suppose -20*f + 336 = -18*f - 5*w, -4*f + 690 = -w. Let d = n + f. What are the prime factors of d?
2, 5
Let x(k) = 2*k**3 + 2*k**2 - 39*k - 4. Let c(o) = 4*o**3 + 4*o**2 - 79*o - 9. Let i(h) = -6*c(h) + 13*x(h). What are the prime factors of i(7)?
3, 5, 37
Suppose 5*j - 35 = -25, 3*x = 2*j + 87428. What are the prime factors of x?
2, 3643
Let f be 2/(-4)*0 - (1281 - -21). List the prime factors of 2 + ((-16)/(-24))/((-4)/f).
3, 73
Suppose 4*c - 9 + 15 = -2*t, 2*c + 2*t = 0. Let q(b) = 60*b**2 - 10*b - 14. What are the prime factors of q(c)?
2, 139
Suppose -396*u = -388*u - 90256. What are the prime factors of u?
2, 5641
Let f(c) = 4*c**2 - 10*c - 8. Let i be f(-6). Let j = -43 + i. Suppose -2*p - g + 0*g = -106, 3*p + 3*g = j. What are the prime factors of p?
5, 11
Let z(m) = m**2 - 14*m + 20. Let y = 62 - 22. Let c = 61 - y. List the prime factors of z(c).
167
Suppose -6706 = 3*j - 26041. What are the prime factors of j?
5, 1289
Suppose 1078 = 114*y - 25142. What are the prime factors of y?
2, 5, 23
Suppose 12*n = 7*n + 13*n - 85368. List the prime factors of n.
3, 3557
Let t(v) = -522*v - 270. Let f(a) = -262*a - 135. Let k(j) = 7*f(j) - 3*t(j). List the prime factors of k(-4).
937
Suppose 5*y - 8615 = 2*w - 7*w, -11*y + 18923 = 5*w. What are the prime factors of y?
2, 859
Let f(n) = n**2 - 9*n - 51. Let u = -575 - -568. List the prime factors of f(u).
61
Suppose -2*b + 5*k + 864 = 0, 3*b - 4*k + 7*k - 1254 = 0. Let c = b - 171. List the prime factors of c.
251
Suppose -241242 = -5*h - 3*f, -5*f = -h + 61526 - 13244. List the prime factors of h.
2, 3, 4021
Let o(i) = -33*i + 50 + 5*i**2 + 83*i - 23*i. List the prime factors of o(-10).
2, 5, 7
Let p(k) = -8*k + 189. Let a be p(23). Let o(u) be the third derivative of u**6/120 - u**5/15 + u**4/24 - u**3/2 + u**2. What are the prime factors of o(a)?
3
Let k(y) be the third derivative of y**6/24 - y**5/6 + 7*y**4/24 - 15*y**3/2 + 58*y**2 - y. What are the prime factors of k(8)?
1931
Suppose 599*w + 17577 = m + 594*w, 5*m + 4*w = 88001. List the prime factors of m.
17597
Let n = -34 - -194. Let z = n + -156. List the prime factors of z.
2
Suppose 2*v + 285656 = 4*m, -v - 214243 = -46*m + 43*m. List the prime factors of m.
3, 5, 23
Let d = -7514 - -17839. List the prime factors of d.
5, 7, 59
Let k = -407 - -403. List the prime factors of (6260/(k - -9))/(-3 + 5).
2, 313
Let k(g) be the second derivative of 11*g**4/6 + g**3 + 5*g**2 - g - 5. What are the prime factors of k(-5)?
2, 5, 53
Suppose 0 = 4*s + b + 3*b, -2*s - 5*b = -9. Let w be ((-12)/(-20))/(s/(0 - -15)). List the prime factors of (-195)/(-3) - (w + 0).
2, 17
Let x be 74/26 + (-4)/(-26). Suppose -x*z + 24 = -0. Suppose -170 = -2*v + 3*l + 2*l, -2*l - z = 0. List the prime factors of v.
3, 5
Let l(a) = 1313*a + 51. Let w be l(3). Suppose -w = 3*k - 17*k. What are the prime factors of k?
3, 5, 19
List the prime factors of (2/(8*(-15)